320*f - 48533. Calculate v(21).
187
Let s(k) = -538*k - 77879. What is s(-145)?
131
Let b(u) = -97431*u - 584595. Calculate b(-6).
-9
Let s(r) = -6179*r - 642562. Give s(-104).
54
Let u(a) = -2*a**3 + 18*a**2 - 91*a + 1107. Determine u(10).
-3
Let i(r) = 121*r**3 + 110352*r**2 - 78*r - 71145. Determine i(-912).
-9
Let q(v) = -3265*v - 3168. Determine q(-1).
97
Let m(n) = -51*n + 3600. What is m(13)?
2937
Let x(g) = -3*g**2 + 21171*g - 232872. Determine x(11).
-354
Let a(s) = 8*s**2 - 579*s + 2682. Give a(5).
-13
Let w(z) = 243*z**2 + 3359*z + 5312. What is w(-12)?
-4
Let l(x) = -x**3 + 117*x**2 + 479*x + 397. Give l(121).
-208
Let i(s) = -4*s**3 + 146*s**2 - 1123*s + 32. What is i(11)?
21
Let l(h) = -2*h**2 + 183*h + 34461. Determine l(185).
-134
Let v(d) = d**2 - 13489*d + 148246. Give v(11).
-12
Let x(i) = -4235*i + 8419. What is x(2)?
-51
Let h(v) = 3*v**3 + 81*v**2 - 110*v - 732. Determine h(-28).
-4
Let t(q) = 48543*q - 18494855. Give t(381).
28
Let a(m) = m**3 + 76*m**2 + 180*m + 2637. What is a(-74)?
269
Let j(z) = z**3 - 202*z**2 + 1417*z + 5. Calculate j(7).
369
Let d(c) = -13*c**2 + 18*c - 585. Give d(10).
-1705
Let a(f) = 280*f - 15616. Calculate a(57).
344
Let x(g) = 4078*g**2 + 93825*g - 17. What is x(-23)?
-730
Let y(z) = z**2 + 3000*z - 66483. Determine y(22).
1
Let k(y) = 2*y**3 - 423*y**2 - 199*y - 3163. Calculate k(212).
-407
Let u(f) = 6*f**3 + 222*f**2 + 11*f + 621. Determine u(-37).
214
Let t(b) = 8*b**3 + 10*b**2 + 412*b + 1221. Determine t(-3).
-141
Let q(h) = -88*h + 3608. Give q(45).
-352
Let y(r) = -2*r**3 + 25*r**2 - 178*r + 3159. What is y(14)?
79
Let l(o) = 12824*o - 225. Calculate l(0).
-225
Let a(z) = 2051*z**2 + 131268*z + 257. What is a(-64)?
1
Let b(n) = 8753*n - 61303. Determine b(7).
-32
Let p(x) = -756*x - 14531. What is p(-19)?
-167
Let n(x) = 18*x**2 - 319*x - 137. Determine n(25).
3138
Let b(c) = 5*c**2 + 11*c - 2580. Calculate b(-24).
36
Let s(v) = -6263*v + 81449. Give s(13).
30
Let h(m) = -m**3 - 21*m**2 + 88*m - 309. What is h(-25)?
-9
Let g(w) = -w**3 + 55*w**2 + 2754*w + 31. What is g(-32)?
991
Let z(c) = -849*c - 10998. What is z(-13)?
39
Let w(q) = 13*q**2 + 547*q + 2506. Determine w(-33).
-1388
Let v(b) = 3*b**3 - 31*b**2 + 21*b - 256. Determine v(10).
-146
Let r(l) = 6856*l - 603349. Determine r(88).
-21
Let r(h) = h**2 + 1163*h - 16441. What is r(14)?
37
Let k(i) = 15*i**3 + 147*i**2 + 237*i + 3. Give k(-2).
-3
Let i(n) = n**3 - 24*n**2 - 35*n - 396. Calculate i(26).
46
Let v(c) = 3900*c + 6445. What is v(-3)?
-5255
Let u(s) = 3*s**2 + 1258*s + 1665. Give u(-418).
-7
Let j(l) = -43*l**2 - 2415*l - 246. Determine j(-56).
146
Let j(k) = -k**3 - 79*k**2 + 1110*k + 1576. Determine j(-91).
-62
Let v(m) = -23694*m - 402788. What is v(-17)?
10
Let y(m) = -67*m**3 + 14*m**2 - 43*m + 22. Determine y(3).
-1790
Let z(m) = -3*m**3 + 12*m**2 + 395*m + 44. Determine z(-9).
-352
Let m(u) = u**2 + 175*u - 7601. Give m(36).
-5
Let t(b) = -13*b**3 + 90*b**2 - 55*b - 92. Calculate t(6).
10
Let i(o) = -692*o**2 + 4779*o + 458. Determine i(7).
3
Let x(o) = o**3 + o**2 - 12571*o - 309935. Calculate x(-26).
11
Let n(d) = -297257*d - 8025931. What is n(-27)?
8
Let k(i) = -65*i**3 + 129*i**2 + 529*i - 14. Give k(4).
6
Let f(x) = -22*x**2 + 4*x + 1. What is f(7)?
-1049
Let v(y) = -y**2 - 19*y - 212. Calculate v(31).
-1762
Let z(v) = 14*v**3 + 140*v**2 - 367*v - 3764. Give z(-10).
-94
Let b(f) = -f**3 - 970*f**2 - 9621*f - 20169. Determine b(-960).
-9
Let t(p) = 8580*p + 137273. Calculate t(-16).
-7
Let l(y) = 2190*y - 21328. Give l(9).
-1618
Let o(z) = -z**3 + 175*z**2 - 4458*z + 37. What is o(31)?
223
Let b(p) = -4*p**3 + 124*p**2 + 107*p + 377. Calculate b(32).
-295
Let k(t) = -21525*t + 8201029. What is k(381)?
4
Let a(x) = -268*x**3 - x + 1. Give a(1).
-268
Let t(j) = 3*j**3 - 430*j**2 + 11001*j + 104. Calculate t(110).
214
Let t(w) = -402*w - 1787. Determine t(-6).
625
Let t(d) = 4*d**2 + 1824*d + 72518. What is t(-44)?
6
Let p(y) = 3379*y - 69961. What is p(21)?
998
Let u(m) = -2*m**2 - 1014*m - 36324. What is u(-39)?
180
Let h(f) = -2667*f + 197341. Give h(74).
-17
Let t(h) = -8*h**2 - 3077*h - 20518. Give t(-378).
-484
Let t(u) = u**3 + 8*u**2 - 12582*u - 104609. Give t(-112).
-1
Let i(f) = -27*f**2 + 3049*f - 2740. What is i(112)?
60
Let p(b) = -3*b**2 + 55*b - 3. What is p(16)?
109
Let w(x) = x**3 - 37*x**2 + 8284*x - 287491. Give w(35).
-1
Let i(o) = -o**2 + 31*o + 1021. Give i(-22).
-145
Let u(a) = a**3 - 3*a**2 - 97*a + 424. Calculate u(9).
37
Let w(f) = 7*f**3 - 94*f**2 - 168*f + 186. Determine w(15).
141
Let j(i) = i**3 + 116*i**2 - 29768*i - 1916. What is j(-240)?
4
Let n(y) = -93*y**3 - 779*y**2 - 1560*y + 4. Calculate n(-2).
752
Let q(s) = -s**3 + 336*s**2 + 6791*s - 16144. Determine q(355).
186
Let l(f) = -f**2 - 280*f - 6831. Determine l(-27).
0
Let v(c) = c**2 + 464*c + 50696. Calculate v(-288).
8
Let w(h) = -h**3 - 55*h**2 - 298*h - 114. Determine w(-6).
-90
Let o(v) = -11*v**2 - 633*v + 6566. Calculate o(9).
-22
Let b(c) = 3*c**2 - 79*c - 90. What is b(31)?
344
Let g(u) = 517*u**2 + 16029*u + 2. Calculate g(-31).
-60
Let w(s) = s**3 + 92*s**2 + 449*s + 557. Calculate w(-87).
-661
Let y(a) = -12813*a - 25590. Determine y(-2).
36
Let c(y) = 179*y + 3244. What is c(-18)?
22
Let a(f) = 32*f**2 + 4550*f + 854. Give a(-142).
2
Let n(u) = u**3 + 23*u**2 + 135*u + 1946. Calculate n(-21).
-7
Let k(h) = h**2 + 182*h + 52. Calculate k(0).
52
Let p(l) = 4*l**2 + 338*l - 1731. Calculate p(5).
59
Let d(c) = c**2 - 177*c - 7434. Determine d(-37).
484
Let m(i) = 10*i**3 + 11*i**2 + 186*i + 584. What is m(-3)?
-145
Let x(m) = -m**2 + 21979*m - 570772. Determine x(26).
6
Let l(g) = -9428*g + 2743467. Calculate l(291).
-81
Let v(y) = 64*y**3 - 2*y**2 - 467*y + 934. Calculate v(2).
504
Let w(g) = -g**2 + 277*g + 36855. Calculate w(375).
105
Let n(t) = 1090*t - 12480. Calculate n(12).
600
Let h(g) = -1971*g - 41343. Determine h(-21).
48
Let g(y) = y**3 - 274*y**2 + 1337*y + 27. What is g(5)?
-13
Let a(q) = q**3 + 59*q**2 - 374*q - 15915. Calculate a(-61).
-543
Let s(f) = -2*f**3 + 40*f**2 + 98*f - 218. Give s(22).
2
Let i(a) = 39*a**2 + 16*a - 7. What is i(-6)?
1301
Let n(o) = o**3 - 13*o**2 - 286*o + 3261. Determine n(19).
-7
Let r(a) = 2*a**3 + 38*a**2 + 54*a + 1823. Determine r(-20).
-57
Let b(w) = 67*w**2 - 360*w + 2050. Calculate b(6).
2302
Let x(r) = -209*r - 37767. Determine x(-181).
62
Let t(c) = 345797*c + 2766314. Give t(-8).
-62
Let k(g) = -g**3 + 300*g**2 + 5055*g + 325. Determine k(316).
9
Let w(r) = 17*r**3 + 422*r**2 + 1471*r + 2223. Give w(-21).
-3
Let n(a) = 23*a**2 - 10245*a + 30534. Calculate n(3).
6
Let h(q) = q**3 - 30*q**2 - 57*q + 5101. Determine h(22).
-25
Let v(r) = -r**3 - 121*r**2 + r + 115. What is v(-121)?
-6
Let z(w) = -w**3 + 62*w**2 + 1825*w - 507. Calculate z(-22).
-1
Let h(a) = 2291*a - 194718. Give h(85).
17
Let f(j) = -11766*j + 235527. Determine f(20).
207
Let j(m) = -m**3 - m**2 + 538*m + 2638. Give j(-5).
48
Let k(n) = 47*n**2 - 2715*n - 680. Give k(58).
-42
Let o(w) = 739*w + 26978. What is o(-37)?
-365
Let z(p) = 152713*p + 763569. Determine z(-5).
4
Let k(m) = -15*m**2 + 1358*m - 21196. What is k(20)?
-36
Let i(s) = -1199*s - 7143. Calculate i(-6).
51
Let s(n) = 903*n + 5631. Give s(-6).
213
Let p(r) = 105*r**2 - 20553*r - 5279. Determine p(196).
13
Let v(t) = -301*t - 18296. Calculate v(-61).
65
Let i(c) = 69*c + 5911. Give i(-85).
46
Let r(f) = -f**3 - 66*f**2 + 549*f + 23601. What is r(-69)?
3
Let m(c) = c**2 - 5106*c - 76781. Determine m(-15).
34
Let h(u) = 2*u**2 + 46322*u - 602525. Calculate h(13).
-1
Let x(m) = 2*m**3 + 371*m**2 - 190*m - 841. Give x(-186).
-97
Let d(w) = -2*w**2 - 267*w + 122937. Calculate d(190).
7
Let r(m) = -3*m**3 + 883*m**2 + 956*m - 108070. Give r(295).
-100
Let w(v) = -27824*v + 3978838. Determine w(143).
6
Let r(s) = -11*s**2 - 260*s - 80. Determine r(-12).
1456
Let o(a) = -21757*a - 500347. Give o(-23).
64
Let x(t) = 30278*t + 605556. Determine x(-20).
-4
Let o(v) = -v**3 - 231*v**2 + 21066*v + 291. Calculate o(70).
11
Let u(a) = a**3 - 68*a**2 + 527*a + 88. Determine u(59).
-148
Let j(m) = 34*m**2 + 626*m + 1670. Determine j(-5).
-610
Let p(b) = -b**3 + 20*b**2 - 15*b - 278. Determine p(8).
370
Let g(v) = v**3 - 71*v**2 + 198*v + 55. Wh